ghest common factor of l and z?
13
Suppose -4*o = -d - 2, -d + 3*o = -2*d + 33. Suppose -k - 25 + 97 = 0. What is the greatest common divisor of d and k?
18
Let j = -20 + 38. Let x be 4/j - 424/(-36). Calculate the highest common factor of 48 and x.
12
Suppose 3*m + m = 96. Let z(y) = 3*y**2 + y - 2. Let u be z(2). What is the greatest common divisor of m and u?
12
Let p = -3 - -5. What is the highest common divisor of 10 and p?
2
Suppose 10*c - 4*c = 288. What is the highest common factor of c and 528?
48
Suppose w + 3 = -k - w, 0 = -4*k + 3*w + 10. Let y = 2 + -1. What is the highest common factor of k and y?
1
Let j be (-2)/(0 - -2) - -7. Let d(k) be the second derivative of 8*k**3/3 - 4*k**2 + 3*k. Let p be d(j). What is the greatest common divisor of p and 8?
8
Suppose -f + 78 + 66 = 0. Calculate the greatest common divisor of 16 and f.
16
Let u be (75/6)/(2/(-4)). Let v = -17 - u. Calculate the highest common factor of 40 and v.
8
Suppose r - 4*r + 3 = -f, 9 = 4*r - 3*f. Suppose d + r*d + 323 = 4*s, 0 = 3*d - 3. Calculate the greatest common factor of s and 9.
9
Let k(d) = -d**3 - 5*d**2 + 6*d - 6. Let o be k(-6). Let n be (-204)/18*o/4. What is the highest common factor of 153 and n?
17
Suppose -6*k - 5*q = -2*k - 17, 0 = 2*q - 2. Let b be 0 + 7 + 0 - k. Let j be 66/b*(-304)/(-24). Calculate the highest common divisor of j and 19.
19
Suppose -62 = -3*h - 2*n, -2*h + 6*h - 4*n - 116 = 0. Calculate the highest common divisor of 36 and h.
12
Suppose 2*u - 75 = -3*n, 2*u + 3*n - 2*n = 65. What is the greatest common divisor of u and 30?
30
Let d be -1 + (-2)/15 + (-7469)/(-105). Calculate the highest common divisor of 10 and d.
10
Suppose -v = 2*h - 18, -3*v - 4 = -h - v. Let r = -5 + h. Suppose -3*a - 150 = -5*i, 43 = -3*i + 4*i + 2*a. What is the greatest common divisor of r and i?
3
Let r be (1 - (33/6 + -4))*-176. What is the highest common factor of r and 8?
8
Suppose 4*k - 247 = -15. Calculate the highest common divisor of 145 and k.
29
Suppose 3*i - 14 - 4 = 0. Suppose -2 = -8*c + i*c. What is the highest common factor of 11 and c?
1
Suppose -3*q - 29 = -2*w, -4*q - 67 = -4*w - q. Let x be 1 + w - (2 + 0). Calculate the greatest common divisor of x and 36.
18
Let i(j) = -j**2 - 11*j. Let l be i(-9). Let z(n) = 3*n**2 - n + 2. Let g be z(-4). What is the greatest common divisor of l and g?
18
Let p(j) = -3*j + 0*j**3 - 2*j**3 + 9*j**2 + j**3. Let r be p(7). What is the highest common factor of 7 and r?
7
Let k(a) = -2*a - 4. Let b be k(3). Let u = b - -15. Let p = 8 + u. Calculate the greatest common factor of 39 and p.
13
Let l(t) = -1 - t**2 + 4*t - 7*t + 0*t. Let v be l(-2). Calculate the highest common factor of v and 5.
1
Let n(c) = -c**2 - 10*c - 4. Let g be n(-9). Let o = g + 44. Calculate the greatest common divisor of o and 7.
7
Let n = -33 - -114. Suppose 2*s - s = n. Calculate the highest common factor of 9 and s.
9
Let c be (1*3/(-3))/1. Let x(a) = -a**2 - 3*a - 1. Let l be x(c). Let b(g) = g + 5. Let h be b(3). Calculate the greatest common divisor of l and h.
1
Suppose 2*z = -0*z + 40. Calculate the greatest common factor of z and 100.
20
Suppose 0 = -2*z + 3*o + 29, 2 = z - 5*o - 2. Suppose -4*j + 0*y + 1145 = -y, -5*y + 15 = 0. Let w = -135 + j. Calculate the highest common factor of w and z.
19
Suppose 27 = 5*t - 18. Let n(z) = 3*z + 4. Let i be n(-1). Calculate the greatest common divisor of i and t.
1
Let c(k) = -18*k + 5. Let r be c(-2). What is the highest common divisor of 41 and r?
41
Let f(l) be the second derivative of -l**3/6 - l**2/2 - l. Let v be f(-6). Suppose -5*i = -6*i + v. Calculate the greatest common divisor of 20 and i.
5
Let m(d) = 3*d + 0*d + 2 + 0*d + 4*d**2 + 0*d. Let k be m(-2). Calculate the greatest common divisor of 36 and k.
12
Let q be 68/8 + (-1)/(-2). Let x(i) = -4*i**2 + 9*i + 3 - 9 + 2*i + 3*i**2. Let g be x(q). What is the greatest common factor of 6 and g?
6
Let y(t) = -3*t - 8. Let r be y(-3). Calculate the greatest common divisor of r and 2.
1
Let x(i) = i**3 - 4*i**2 + 7*i - 17. Let r be x(4). What is the highest common factor of r and 99?
11
Let b = -4 + 9. Let d be (10/4)/b*12. Let u be 2/1*(d + -5). What is the highest common factor of 10 and u?
2
Suppose -2 + 1 = 3*n + 5*b, 2*b = -n. Let h be (5 - 3)/1 - n. What is the highest common factor of 16 and h?
4
Suppose 4*i = 2*g - 2, -4*g + i + i = -10. Let d be 3 + (g - -16) - 3. Let a = -10 + d. What is the highest common factor of 9 and a?
9
Let k be (-22)/(-77) + 565/7. What is the greatest common divisor of k and 9?
9
Let m(o) = o**3 - 7*o**2 + 5*o + 4. Let s be m(6). Let j be s + (33/3 - 3). Let p = 13 - j. Calculate the highest common factor of p and 49.
7
Suppose -2*p = 2*p - 16. Suppose 5*a = -19 + 59. Calculate the greatest common factor of a and p.
4
Let n be (63/27)/((-2)/(-66)). What is the greatest common divisor of 7 and n?
7
Let r = 4 - -1. Let w = -3 + 8. What is the greatest common divisor of w and r?
5
Let y be (-252)/(-2)*1/2. Suppose -6 = -2*h + 4. Suppose 5*b + h*x = 50, 2*b + 2*b - 5*x - 31 = 0. What is the highest common divisor of y and b?
9
Let y(x) = x - 1. Let p be y(10). What is the highest common divisor of 72 and p?
9
Let c = 5 - 15. Let b = c + 17. What is the greatest common divisor of b and 35?
7
Let q = -2 + 5. Suppose -2*g + f + q*f - 8 = 0, 0 = g + f - 5. Calculate the highest common factor of 10 and g.
2
Let x = -233 + 373. Suppose 0 = -4*t - 5*j + 2*j + x, 2*t - 5*j - 96 = 0. Suppose t = g + g. What is the highest common factor of g and 95?
19
Let l(s) = s**3 - s + 5. Let f be l(0). Suppose 0 = f*r - 8 - 7. Suppose w - 4*z + 160 = 5*w, 60 = 2*w - r*z. What is the highest common factor of w and 9?
9
Suppose -3*i + 104 = -2*a - 28, 0 = -4*a - 12. Let p = i + -23. Suppose -4*f + p = -125. What is the highest common factor of 12 and f?
12
Suppose -b - 14 + 49 = 0. Suppose -3*k = 5*q - b, 0 = 6*q - 2*q - 3*k - 28. What is the greatest common divisor of q and 49?
7
Let q = 69 + -42. Suppose 5*g - 2*j + j - 29 = 0, -2*j = g + 3. Suppose g*w - 44 = 46. What is the greatest common divisor of q and w?
9
Let l(t) = t**2 + t + 2. Let z be l(-3). Suppose y - 4*y + 264 = 0. Suppose 0*g - y = -g. Calculate the greatest common factor of g and z.
8
Suppose 0 = -2*z + 4*z - 14. Suppose 0 = -4*k - k. Suppose k*s - 3*s + 105 = 0. What is the greatest common factor of z and s?
7
Let m = -71 - -134. What is the highest common divisor of 9 and m?
9
Suppose -3*c = c - 28. Let t be 4/(-10) - 708/(-20). Calculate the highest common divisor of t and c.
7
Let h be ((-132)/(-16) - (-2)/(-8)) + -1. What is the highest common divisor of 35 and h?
7
Suppose -31 - 33 = -8*l. Calculate the highest common divisor of 40 and l.
8
Let x = -496 - -507. Suppose -4*y - 2 + 50 = 2*u, -5*y + 51 = -2*u. Calculate the highest common divisor of y and x.
11
Let q(j) = 10*j - 12. Let v be q(10). Calculate the greatest common factor of 22 and v.
22
Let t(k) be the second derivative of -7*k**5/20 - k**3/3 - k**2/2 - 2*k. Let c be t(-1). What is the highest common divisor of c and 72?
8
Suppose -2*c = 3*c - 5, y + c - 15 = 0. What is the highest common factor of y and 7?
7
Let u be (-34 - -33)*(-3)/2*6. What is the highest common divisor of 81 and u?
9
Let u be 4/(-14) - 849/(-7). What is the greatest common divisor of 11 and u?
11
Suppose -o - 2*x + 5 = -5*x, -4*x = 4. Let n = 216 - 212. What is the greatest common divisor of o and n?
2
Let o(z) = z**3 - 5*z**2 - 5*z + 8. Let c be o(8). What is the greatest common divisor of c and 20?
20
Let y be 1*(53 - 0) + -3. Let i be (-3)/(-3) - (-36)/4. Calculate the greatest common divisor of y and i.
10
Let t be (-42)/4*(-4)/6. Let b(c) = -c + 4. Let q be b(6). Let w be 66 - q/(4/(-6)). Calculate the highest common factor of w and t.
7
Suppose 6*f - 384 = 3*f. Calculate the highest common divisor of f and 32.
32
Let k = 12 + 16. Let m = -17 + 87. Calculate the highest common factor of k and m.
14
Suppose 5*s = u - 417, -5*u - 239 = 2*s + s. Let h = s - -120. Suppose w + 2*w = x + h, -2*w - 4*x + 20 = 0. What is the highest common factor of w and 84?
12
Let o(p) = -p**3 - 7*p**2 - 2*p - 7. Let z be o(-7). Let g = z - 2. Suppose 0*c - g*c + 50 = 0. Calculate the highest common divisor of 110 and c.
